nd derivative of y**5/20 + y**3/6 - y**2 - 2*y. Calculate i(v).
-2
Suppose -5*k + 3*f = 4, -4*k + 3*f - 2 = 3. Let n(u) = -9*u**3 + 3*u**2 - 3*u + 1. Calculate n(k).
-8
Suppose 6*y - 2*y + 10 = p, 0 = 4*y - 5*p + 18. Let a(t) = -t**3. Let z(f) = -2*f**3 + f**2 - 3*f - 3. Let u(o) = -3*a(o) + z(o). Determine u(y).
-1
Let q(v) = -8*v - 169. Let d be q(-23). Let a(b) = -b**2 + 13*b + 37. Give a(d).
7
Suppose -5*b - 5 = -10*b. Let g(x) = -x**2 + x - 1. Let v be g(1). Let r(j) = -j**2 - 1. Let y(d) = 2*d**2 + d. Let k(f) = v*r(f) - y(f). Calculate k(b).
-1
Let r be 0/(4/(-4 + 0)). Let q = 6 - r. Let i(b) = -b**3 + 6*b**2 + 2*b - 5. Give i(q).
7
Let c(u) = -8*u**3 - u**2 + u - 2. Let m(t) = 7*t**3 - 2*t + 3. Let y(h) = -6*c(h) - 7*m(h). Let d be ((-8)/18)/((-6)/54) - -3. Give y(d).
-2
Let c(v) = v**2 - v - 4. Let t = -243 - -243. Calculate c(t).
-4
Suppose -n - 10*n - 418 = 0. Let a be 224/n + 54/(-513). Let i(f) = 3*f + 1. What is i(a)?
-17
Let i(n) = 3*n**2 + 5*n - 5. Let v(k) = 2*k**2 + 5*k - 5. Let l be (26/(-4) + 2)*(-6)/(-9). Let h(j) = l*i(j) + 4*v(j). Determine h(5).
-5
Let y(b) = -b**3 + 4*b**3 + 3*b - 2*b**3 + 7 - 9*b. Let s be y(2). Let p(q) = q**3 - 3*q**2 - 4*q + 1. What is p(s)?
-11
Let f(s) = s + 7. Let n(j) = 2*j**2 + 25*j - 50. Let u be n(-14). Give f(u).
-1
Let u(v) = 3 + 4*v**2 + 2*v**2 + 634*v - v**3 - 313*v - 314*v. Determine u(7).
3
Let f(x) = -x - 4. Suppose 5*r = -4*h + 23 + 11, 3*h = -r + 9. Suppose -r*q = -13*q - 35. What is f(q)?
1
Let x(w) = -w**2 + 80*w - 261*w + 4 + 87*w + 88*w. Give x(-7).
-3
Suppose y - 7*y = 0. Suppose -28 = 7*m - y. Let f(j) = -j**2 - 5*j + 2. Give f(m).
6
Let k(q) = 17*q + q**3 + 0*q**2 + 9*q - 4*q**2 + 12*q - 36*q. What is k(3)?
-3
Let m(j) = -2*j + 2. Let o(r) be the first derivative of r**4/4 - r**3/3 - r**2/2 - r + 9. Let d be o(-1). Determine m(d).
6
Let s(n) = 2*n**2 + 5*n + 11. Let h be (129 + -128)*(-2 + (-2 - -2)). What is s(h)?
9
Let y(g) = -19*g**2 + 7*g + 66. Let n(r) = -3*r**2 + r + 11. Let a(j) = 13*n(j) - 2*y(j). Calculate a(-5).
-9
Let l(k) = k**3 - 6*k**2 - k - 1. Let y be 3*2*4/8. Let a be 9*(-2 - (-7)/y). Suppose -2*m - 2*o = -6, 3*m + 7*o = 2*o + a. What is l(m)?
-7
Suppose 3*h - 5*p = -44, 2*h = -3*p - 18 + 14. Let u(i) = -i**2 - 8*i + 1. Calculate u(h).
1
Let i(g) = g - 8. Let v(w) = 10*w + 25. Let s(b) = 2*i(b) - v(b). Calculate s(-6).
7
Let b(c) = 6 - 1904*c + 951*c + 941*c + c**2. What is b(13)?
19
Let j(h) be the first derivative of -h**3/3 + h**2 - h - 6. Suppose 2*i + 52 = -4*o, -4*i = -5*o + 3*o + 54. Let k be (12/i)/(1/(-4)). Determine j(k).
-4
Let j be ((-1)/(-5))/(8/280). Let l(p) = -p + 6. What is l(j)?
-1
Let i(f) = 9*f + 1. Let c(y) = -6 + 8 - y**2 + 6*y - 5. Let r be c(5). Calculate i(r).
19
Let u be (4/(-3))/(3/((-36)/8)). Suppose -m + 2*d = 7, -5*d + u + 11 = 2*m. Let t(o) = 3*o**3 - o - 1. Calculate t(m).
-3
Let l = 1859 + -1854. Let d(q) = q**2 - 3*q - 7. Calculate d(l).
3
Let a be ((-485)/291)/(5/3). Let d(o) = 6*o**2 - 3 + 3. Calculate d(a).
6
Let a(w) = 3*w**2 - 2 - 2*w**2 + 0 + 4*w. Suppose -7*l + 1 = 8. Let h be -2 + (-3 - 1 - l). What is a(h)?
3
Let c(h) = 8 - 9*h**2 - h**3 + h**2 + h**2 - 6*h - h**2. Let m(l) = -l**3 + 10*l**2 - 9*l + 83. Let b be m(10). Calculate c(b).
1
Let o(j) = 3*j - 19. Let w be o(9). Suppose 6*l + 2 = w*l. Let f(p) = 7*p**3 - p. Determine f(l).
6
Let v(d) = -25*d - d**2 + 12*d + 15 - 47 - 12. Determine v(-5).
-4
Let k(b) = 2*b - 1. Let x = -1 - -12. Suppose 4*h - x = -4*f - 3, -2*h = -2*f + 20. Let v = -3 + f. What is k(v)?
5
Let c(v) = -8 + 0*v + 4*v - 3*v. Suppose 30 = -k + 16*k. Suppose 4*l - k*o = 8 + 6, -2*o = -l - 4. Determine c(l).
-2
Let j(u) = 3*u + 7*u**2 + 2*u - 4*u**2 + 0*u - u**3. Let a be (0 + 1)/((-1)/(-4)). What is j(a)?
4
Let u(z) = -2*z**2 - 4*z + 3. Let r(a) = a**2 + 5*a - 3. Let n(x) = 3*r(x) + 2*u(x). Suppose 16 + 9 = 5*w. Give n(w).
7
Suppose 0 = -4*o + 3*u + 4 - 11, 3*u = -2*o + 19. Suppose -k + z - 17 = o*k, 33 = -3*k - 3*z. Let y(p) = -p**2 - 7*p + 2. Determine y(k).
2
Suppose 7*u - 84 = 77. Suppose 2*y = u - 7. Let w(g) = g - 8 + y. Give w(-3).
-3
Let c = -98 - -94. Let l(p) = p**3 + 4*p**2 - 4*p - 8. Determine l(c).
8
Suppose -25*c - 28 = -178. Let x(v) be the first derivative of v**2/2 + 3*v - 1. Determine x(c).
9
Let j be (-9)/(-7) + (-2)/7. Let n be 5 + 3/(-1)*j. Let x(k) = -4*k + 3*k**n - 5*k**2 + 2 + 4*k + k. Determine x(3).
-13
Let p(q) = q**3 - 6*q**2 - 3*q + 6. Suppose 4*h = 30 + 50. Let s = h - 14. Determine p(s).
-12
Let b(r) = r**3 + 2*r**2 + 3*r + 9. Let f(t) = t**3 + 2*t**2 + t + 8. Let w(n) = 3*b(n) - 4*f(n). What is w(-5)?
45
Let u(v) be the third derivative of -v**5/60 - v**4/3 - 2*v**3/3 - 628*v**2. Give u(-4).
12
Let h(z) = z**3 - 14*z**2 + 14*z - 1. Let t(v) = v**2 + 19*v + 73. Let u be t(-4). Calculate h(u).
12
Let a(m) be the third derivative of -1/10*m**5 + 1/120*m**6 + 14*m**2 + m**3 + 0 + 0*m + 1/24*m**4. What is a(6)?
12
Let t be 83/(-9) + (-56)/(-252). Let v(a) = a**2 + 10*a - 6. What is v(t)?
-15
Let f(v) = 91*v - 176*v + 5*v**2 - 1 + 3*v**3 + 88*v. Let z(d) = -2*d + d**3 - d**2 + d + 0*d**2. Let h(g) = f(g) + 4*z(g). Determine h(-1).
-6
Let k(l) = l**3 + 17*l**2 + 30*l - 3. Let n be k(-15). Let t(m) = -2*m**3 - 6*m**2 - 4*m - 2. What is t(n)?
10
Let p be 68/18 - 4/(-18). Let s(k) be the second derivative of 0 - 1/2*k**3 + k**2 - 4*k + 1/12*k**4. Calculate s(p).
6
Let x(h) = h + 21. Let o be (2 + -1)*(-13 + 4). Determine x(o).
12
Let i(z) = -3*z + 3*z + 2*z - 3*z + 2*z. Calculate i(0).
0
Let h(d) = -62*d - 212. Let c(k) = 21*k + 71. Let x(a) = -17*c(a) - 6*h(a). Let y(j) = 2*j + 8. Let z(g) = 3*x(g) - 25*y(g). What is z(-4)?
15
Let y(q) = -q**2 - 3. Suppose -10 = -4*d + 6. Suppose -4*v = 5*i - 25, 2*i - i = -d*v + 5. Suppose -5*l + 2*l = v. Determine y(l).
-3
Let w(c) = c**3 - 9*c**2 + 10*c - 13. Let s be w(8). Let y(o) = 7*o - 3. Give y(s).
18
Let o(v) = 8*v**2 + v. Let z = 86 - 87. Give o(z).
7
Let q(w) = -2*w**3 + 8*w**2 - w + 5. Let r(h) = -h**3 + 2*h**2 - h + 3. Let b(a) = -q(a) + 3*r(a). Calculate b(-3).
19
Suppose 2*h + 10 = -4*w, 17 + 33 = 5*h - 5*w. Let a(n) = -8*n + 17 + h*n + 2*n. What is a(0)?
17
Let i(c) = 2*c**3 - c**2 - 2*c + 2. Suppose -3*l = -0*z + 3*z - 18, -4*l = z - 21. Suppose -6 = 2*d - l*d. What is i(d)?
10
Let o(c) = -233*c - c**3 + 227*c + 5*c**2 + 0*c**3 + 1. Let h be o(4). Let w(j) = j**2 + 7*j + 4. Determine w(h).
4
Suppose -2*w - 284 = -290. Let a(b) = b**2 - 4*b + 1. Let r(n) = -4*n**2 + 16*n - 3. Let f(l) = -9*a(l) - 2*r(l). Calculate f(w).
0
Let p(k) = 2*k - 6 - k - 1 - k**2 + 3. Give p(3).
-10
Let l(n) = 42*n + 2. Let g be l(4). Suppose 3 = -g*p + 169*p. Let u(b) = b - 1. Give u(p).
-4
Let m(c) be the second derivative of c**5/20 + 2*c**4/3 + 7*c**3/6 + 5*c**2/2 - 2*c. Let l(g) = -6*g**2 - 63*g + 26. Let f be l(-11). Give m(f).
5
Let m(v) = -9*v + 12 - v**3 - 2247*v**2 + 2239*v**2 - 17. What is m(-7)?
9
Suppose m + t = 2, 2*m - 4*t = -t + 19. Let k = m - 4. Let l(b) = -3*b - 1. Let o be l(k). Let d(z) = -z + 2. Give d(o).
6
Let a(m) be the second derivative of -m**4/6 + m**3/2 - m. Suppose 4*x = 2*x + 4. Suppose -x*y = -5*f - 0*f + 8, -4*f = -y - 7. What is a(f)?
-2
Let k(r) = -7*r**2 + 16*r + 5. Let v(h) = -8*h**2 + 18*h + 7. Let a(n) = 6*k(n) - 5*v(n). Give a(5).
-25
Let s(u) = -2*u**2 - 5*u - 3. Let n(g) = g**3 - 10*g**2 + 18*g - 18. Let z be n(8). What is s(z)?
-1
Let a(v) = -v**2 - 6*v + 1. Let c(t) = -5*t + 5. Let q be c(7). Let y be 34/10 - (-12)/q. Suppose -y*k - 26 = -8. Determine a(k).
1
Let y(o) = -13 + 30 + 6*o + o - 15. What is y(-1)?
-5
Let l(q) = -q**3 + 2*q**2 + 5*q - 4. Let c = -57 + 84. Suppose -11*p = -6 - c. Determine l(p).
2
Let t(a) = 3*a**2 - 7*a - 1. Suppose -4*n - 38 + 13 = -3*c, 0 = 2*c + 3*n + 6. Determine t(c).
5
Let a(m) = 2*m**2 + m - 3. Let c be (-2)/(((-72)/(-9))/(-16)). Determine a(c).
33
Suppose -10 - 10 = 5*u - c, 4*u + 27 = 3*c. Let z = -1 - u. Let m(n) = 2*n**2 - 2*n + 2. Calculate m(z).
6
Let i = 14 - 11. Let q be (-1 - (-3)/i)/(-1). Let x(b) = -b**3 + b**2 + b + 10. Calculate x(q).
10
Let o(q) = -7*q + 5. Let v be ((-6)/(-4))/(2/4). Let y(r) = -4*r + 3. Let s(b) = v*o(b) - 5*y(b). Give s(-6).
6
Let n(z) = 3708*z - 1854*z - 1850*z - 8. What is n(6)?
16
Suppose 11 = -5*n + 26. Let l(z) = -62 + z - 6*z*